r when 730845 is divided by 32?
29
What is the remainder when 2151854 is divided by 152?
142
Calculate the remainder when 276582 is divided by 20.
2
What is the remainder when 1618845 is divided by 5680?
45
Calculate the remainder when 198932622 is divided by 11.
9
What is the remainder when 2051698 is divided by 1025844?
10
Calculate the remainder when 357843 is divided by 357810.
33
What is the remainder when 6569657 is divided by 358?
357
What is the remainder when 3954983 is divided by 1318313?
44
What is the remainder when 188662 is divided by 94036?
590
Calculate the remainder when 6673819 is divided by 8875.
8694
What is the remainder when 140587 is divided by 9364?
127
Calculate the remainder when 3899211 is divided by 6.
3
What is the remainder when 7562266 is divided by 756?
754
What is the remainder when 876224 is divided by 875847?
377
What is the remainder when 195862 is divided by 2797?
72
Calculate the remainder when 114132 is divided by 13568.
5588
Calculate the remainder when 10580065 is divided by 352666.
85
Calculate the remainder when 40953 is divided by 2549.
169
Calculate the remainder when 6575 is divided by 2794.
987
Calculate the remainder when 18982103 is divided by 18982065.
38
What is the remainder when 11497 is divided by 298?
173
Calculate the remainder when 19422880 is divided by 3237138.
52
Calculate the remainder when 113763 is divided by 1704.
1299
Calculate the remainder when 137597256 is divided by 127.
122
Calculate the remainder when 15753680 is divided by 211.
209
Calculate the remainder when 1107129 is divided by 154.
23
What is the remainder when 12977909 is divided by 25648?
21
Calculate the remainder when 496361 is divided by 778.
775
What is the remainder when 2123215 is divided by 530800?
15
Calculate the remainder when 14213309 is divided by 1298.
209
What is the remainder when 20374701 is divided by 5828?
13
What is the remainder when 1093634 is divided by 8099?
269
What is the remainder when 755907 is divided by 2060?
1947
Calculate the remainder when 1603833 is divided by 694.
693
What is the remainder when 64011 is divided by 1206?
93
What is the remainder when 1256446 is divided by 4040?
6
Calculate the remainder when 160783 is divided by 40185.
43
Calculate the remainder when 3046858 is divided by 42.
10
Calculate the remainder when 1053230 is divided by 10747.
24
What is the remainder when 986583 is divided by 3094?
2691
What is the remainder when 24566218 is divided by 630?
628
What is the remainder when 272909 is divided by 2?
1
What is the remainder when 2519427 is divided by 931?
141
Calculate the remainder when 1141303 is divided by 112.
23
What is the remainder when 64686830 is divided by 4808?
4806
What is the remainder when 112216 is divided by 112?
104
Calculate the remainder when 24601558 is divided by 5250.
58
Calculate the remainder when 1026968 is divided by 35412.
20
What is the remainder when 66915 is divided by 1956?
411
What is the remainder when 2348146 is divided by 260903?
19
Calculate the remainder when 2859791 is divided by 81.
5
Calculate the remainder when 82301 is divided by 27270.
491
Calculate the remainder when 32702706 is divided by 56.
50
Calculate the remainder when 113354 is divided by 1828.
18
What is the remainder when 469538 is divided by 11738?
18
Calculate the remainder when 1568846 is divided by 313737.
161
Calculate the remainder when 895372 is divided by 9732.
28
Calculate the remainder when 126130 is divided by 273.
4
What is the remainder when 336478 is divided by 128?
94
Calculate the remainder when 39176 is divided by 117.
98
Calculate the remainder when 250463175 is divided by 395.
390
Calculate the remainder when 2155619 is divided by 76981.
151
What is the remainder when 3043151 is divided by 3016?
7
Calculate the remainder when 652146 is divided by 326073.
0
Calculate the remainder when 1529918 is divided by 139082.
16
What is the remainder when 1202272 is divided by 299590?
3912
What is the remainder when 43850 is divided by 1385?
915
What is the remainder when 2983085 is divided by 243?
17
What is the remainder when 2132861 is divided by 266607?
5
Calculate the remainder when 221391 is divided by 7136.
175
Calculate the remainder when 643304 is divided by 3156.
2636
What is the remainder when 1279651 is divided by 456?
115
What is the remainder when 65121950 is divided by 1731?
1730
What is the remainder when 5043187 is divided by 560304?
451
What is the remainder when 36778634 is divided by 68?
18
Calculate the remainder when 8977 is divided by 534.
433
Calculate the remainder when 71897755 is divided by 458.
457
What is the remainder when 7444146 is divided by 9782?
44
What is the remainder when 3699710 is divided by 1233204?
98
Calculate the remainder when 37805 is divided by 12521.
242
Calculate the remainder when 13082926 is divided by 70.
66
Calculate the remainder when 6936661 is divided by 145.
6
What is the remainder when 46620 is divided by 254?
138
Calculate the remainder when 25642 is divided by 22046.
3596
Calculate the remainder when 13741237 is divided by 44184.
13
Calculate the remainder when 60804 is divided by 1089.
909
Calculate the remainder when 3267809 is divided by 117.
116
What is the remainder when 721979 is divided by 80217?
26
Calculate the remainder when 644204 is divided by 28.
8
Calculate the remainder when 847884 is divided by 9417.
354
What is the remainder when 15862939 is divided by 701?
10
Calculate the remainder when 22108411 is divided by 20.
11
Calculate the remainder when 5762680 is divided by 15.
10
What is the remainder when 35612 is divided by 537?
170
Calculate the remainder when 6967 is divided by 617.
180
What is the remainder when 116192 is divided by 140?
132
What is the remainder when 31976 is divided by 7968?
104
What is the remainder when 14726773 is divided by 7?
5
Calculate the remainder when 1131769 is divided by 21353.
60
What is the remainder when 13828 is divided by 954?
472
What is the remainder when 221046 is divided by 73656?
78
Calculate the remainder when 15650854 is divided by 537.
526
What is the remainder when 196815 is divided by 39?
21
What is the remainder when 739570 is divided by 81?
40
Calculate the remainder when 325342 is divided by 29.
20
Calculate the remainder when 2453654 is divided by 5080.
14
Calculate the remainder when 297473 is divided by 116.
49
What is the remainder when 390352947 is divided by 53?
50
What is the remainder when 13843175 is divided by 80?
55
What is the remainder when 23610907 is divided by 4607?
32
What is the remainder when 535990 is divided by 59551?
31
Calculate the remainder when 5188522 is divided by 46326.
10
Calculate the remainder when 5866885 is divided by 3124.
13
What is the remainder when 1677040 is divided by 1677011?
29
What is the remainder when 33660 is divided by 8375?
160
Calculate the remainder when 231458 is divided by 355.
353
What is the remainder when 15653 is divided by 400?
53
Calculate the remainder when 41477 is divided by 3280.
2117
Calculate the remainder when 21333158 is divided by 969689.
0
What is the remainder when 20472560 is divided by 2274718?
98
Calculate the remainder when 94218 is divided by 672.
138
Calculate the remainder when 396888 is divided by 17.
6
Calculate the remainder when 5253688 is divided by 21.
13
What is the remainder when 2815968 is divided by 469328?
0
What is the remainder when 34559 is divided by 32937?
1622
Calculate the remainder when 1401872 is divided by 4008.
3080
What is the remainder when 178166 is divided by 284?
98
Calculate the remainder when 249594 is divided by 10399.
18
Calculate the remainder when 5946360 is divided by 12.
0
Calculate the remainder when 1396456 is divided by 310.
216
What is the remainder when 9574385 is divided by 7?
2
What is the remainder when 105917311 is divided by 2302?
2291
Calculate the remainder when 3517075 is divided by 198.
1
Calculate the remainder when 3643901 is divided by 54.
35
Calculate the remainder when 1893591 is divided by 16324.
7
What is the remainder when 14252230 is divided by 8?
6
Calculate the remainder when 11622 is divided by 10332.
1290
What is the remainder when 973618 is divided by 88502?
96
Calculate the remainder whe